200.
190
What is the remainder when 2923 is divided by 1448?
27
What is the remainder when 5281 is divided by 1318?
9
What is the remainder when 131405 is divided by 471?
467
Calculate the remainder when 9973 is divided by 67.
57
Calculate the remainder when 407 is divided by 106.
89
What is the remainder when 75362 is divided by 25?
12
What is the remainder when 248244 is divided by 13?
9
What is the remainder when 3970 is divided by 566?
8
Calculate the remainder when 4245 is divided by 4215.
30
What is the remainder when 2099 is divided by 999?
101
What is the remainder when 42984 is divided by 74?
64
Calculate the remainder when 1072653 is divided by 8.
5
Calculate the remainder when 1996445 is divided by 34.
33
Calculate the remainder when 16308 is divided by 17.
5
Calculate the remainder when 441032 is divided by 3802.
0
What is the remainder when 72871 is divided by 53?
49
Calculate the remainder when 3748 is divided by 463.
44
Calculate the remainder when 2698 is divided by 88.
58
What is the remainder when 1251 is divided by 105?
96
Calculate the remainder when 7861 is divided by 532.
413
What is the remainder when 339 is divided by 231?
108
Calculate the remainder when 4662 is divided by 4636.
26
What is the remainder when 754 is divided by 198?
160
Calculate the remainder when 397269 is divided by 132404.
57
Calculate the remainder when 118782 is divided by 31.
21
Calculate the remainder when 3249 is divided by 455.
64
What is the remainder when 23920 is divided by 1393?
239
What is the remainder when 110953 is divided by 1168?
1161
What is the remainder when 62171 is divided by 404?
359
Calculate the remainder when 43095 is divided by 322.
269
Calculate the remainder when 5159 is divided by 518.
497
Calculate the remainder when 13059 is divided by 952.
683
Calculate the remainder when 56702 is divided by 1050.
2
Calculate the remainder when 5081 is divided by 337.
26
What is the remainder when 613 is divided by 188?
49
What is the remainder when 317070 is divided by 91?
26
What is the remainder when 207 is divided by 24?
15
What is the remainder when 10493 is divided by 4848?
797
Calculate the remainder when 120265 is divided by 30026.
161
Calculate the remainder when 1024005 is divided by 24.
21
What is the remainder when 15712 is divided by 262?
254
Calculate the remainder when 4748711 is divided by 15.
11
Calculate the remainder when 515409 is divided by 412.
409
What is the remainder when 10638 is divided by 46?
12
Calculate the remainder when 5965 is divided by 52.
37
What is the remainder when 472 is divided by 197?
78
Calculate the remainder when 61547 is divided by 21.
17
What is the remainder when 18335 is divided by 35?
30
What is the remainder when 4068 is divided by 32?
4
Calculate the remainder when 96667 is divided by 48.
43
What is the remainder when 2473 is divided by 99?
97
Calculate the remainder when 5804 is divided by 264.
260
What is the remainder when 13231 is divided by 125?
106
Calculate the remainder when 4472 is divided by 251.
205
Calculate the remainder when 216109 is divided by 912.
877
Calculate the remainder when 2713 is divided by 893.
34
What is the remainder when 6817 is divided by 672?
97
Calculate the remainder when 244222 is divided by 81407.
1
Calculate the remainder when 14277 is divided by 4602.
471
Calculate the remainder when 96276 is divided by 273.
180
Calculate the remainder when 25712 is divided by 1980.
1952
Calculate the remainder when 30581 is divided by 3786.
293
Calculate the remainder when 7208426 is divided by 230.
226
What is the remainder when 5245 is divided by 726?
163
Calculate the remainder when 6532 is divided by 473.
383
Calculate the remainder when 1169 is divided by 31.
22
What is the remainder when 58111 is divided by 334?
329
Calculate the remainder when 584 is divided by 290.
4
What is the remainder when 91655 is divided by 342?
341
Calculate the remainder when 95917 is divided by 241.
240
What is the remainder when 22958 is divided by 1907?
74
Calculate the remainder when 2782238 is divided by 379.
378
Calculate the remainder when 9549 is divided by 4737.
75
Calculate the remainder when 14021 is divided by 1089.
953
What is the remainder when 249850 is divided by 47?
45
Calculate the remainder when 5778 is divided by 654.
546
Calculate the remainder when 13655 is divided by 4543.
26
What is the remainder when 545159 is divided by 558?
551
Calculate the remainder when 187359 is divided by 164.
71
Calculate the remainder when 27524 is divided by 9111.
191
Calculate the remainder when 13165 is divided by 171.
169
What is the remainder when 10537 is divided by 167?
16
What is the remainder when 2147 is divided by 144?
131
What is the remainder when 13850 is divided by 4594?
68
What is the remainder when 39246 is divided by 21?
18
What is the remainder when 1524 is divided by 506?
6
Calculate the remainder when 61771 is divided by 59.
57
Calculate the remainder when 1036 is divided by 138.
70
What is the remainder when 716 is divided by 152?
108
Calculate the remainder when 332875 is divided by 847.
4
What is the remainder when 148595 is divided by 19?
15
What is the remainder when 1424 is divided by 181?
157
What is the remainder when 12746 is divided by 436?
102
What is the remainder when 9935 is divided by 2458?
103
What is the remainder when 964 is divided by 383?
198
What is the remainder when 124496 is divided by 470?
416
What is the remainder when 218155 is divided by 72704?
43
What is the remainder when 6834 is divided by 5?
4
Calculate the remainder when 2098 is divided by 349.
4
Calculate the remainder when 36344 is divided by 45.
29
Calculate the remainder when 7180 is divided by 913.
789
What is the remainder when 6768838 is divided by 53?
49
What is the remainder when 56936 is divided by 57?
50
Calculate the remainder when 191426 is divided by 7088.
50
What is the remainder when 3612 is divided by 1154?
150
Calculate the remainder when 652 is divided by 121.
47
What is the remainder when 36193 is divided by 175?
143
What is the remainder when 257149 is divided by 56?
53
Calculate the remainder when 2702 is divided by 428.
134
What is the remainder when 19498 is divided by 724?
674
What is the remainder when 3561 is divided by 1177?
30
Calculate the remainder when 23674 is divided by 69.
7
What is the remainder when 15617 is divided by 7763?
91
Calculate the remainder when 21299 is divided by 15.
14
Calculate the remainder when 77694 is divided by 25889.
27
What is the remainder when 23762 is divided by 668?
382
Calculate the remainder when 18219 is divided by 32.
11
What is the remainder when 525 is divided by 94?
55
What is the remainder when 88539 is divided by 16?
11
What is the remainder when 1400 is divided by 1351?
49
Calculate the remainder when 62774 is divided by 19.
17
Calculate the remainder when 12894 is divided by 74.
18
What is the remainder when 176181 is divided by 53?
9
Calculate the remainder when 2441 is divided by 3.
2
What is the remainder when 178639 is divided by 179?
176
Calculate the remainder when 27294 is divided by 320.
94
What is the remainder when 7065 is divided by 706?
5
What is the remainder when 21822 is divided by 18?
6
Calculate the remainder when 1248 is divided by 663.
585
What is the remainder when 1503 is divided by 186?
15
What is the remainder when 37434 is divided by 194?
186
Calculate the remainder when 80836 is divided by 188.
184
What is the remainder when 2651 is divided by 908?
835
What is the remainder when 11219 is divided by 301?
82
What is the remainder when 1888 is divided by 651?
586
Calculate the remainder when 6364 is divided by 351.
46
Calculate the remainder when 20013 is divided by 950.
63
Calculate the remainder when 9043 is divided by 18.
7
Calculate the remainder when 825885 is divided by 5.
0
What is the remainder when 284590 is divided by 39?
7
What is the remainder when 11791 is divided by 654?
19
What is the remainder when 37976 is divided by 653?
102
Calculate the remainder when 8618 is divided by 331.
12
What is the remainder when 3199 is divided by 2395?
804
What is the remainder when 2548 is divided by 354?
70
Calculate the remainder when 44389 is divided by 31.
28
Calculate the remai